= g**2 - 790. Let l be c(28). Determine v(l).
-86
Let f(z) = 6 - 27951*z**3 - 12*z**2 - 24*z + 2*z**2 + 27952*z**3. What is f(12)?
6
Let l = 7 + 3. Let x be -9*(l/(-6) + 1). Let p(n) = -x*n + 10 + 4*n - 6 + 3*n. What is p(-7)?
-3
Let u(a) = a**3 - 6*a**2 - 8*a + 6. Let z(h) = 14*h + 34. Let y be z(-2). Suppose -y*n + 133 = 13*n. What is u(n)?
-1
Let p(w) = w**3 + 27*w**2 - 7*w - 189. Suppose -1577 + 295 - 2309 = 133*s. What is p(s)?
0
Let j be 15/(270/24) - ((-80)/12 + 7). Let d(i) = 13*i - 13. Determine d(j).
0
Suppose 3*y - 178 = 29. Suppose 68*m - y*m + 10 = 0. Let c(k) = -m*k + k**3 + 5 - 9*k**2 - 7*k + 26*k. Calculate c(8).
13
Let n(z) = z**2 - z - 11. Let a be n(5). Let x be 231/22*6/a. Let b(v) = v - 12. Determine b(x).
-5
Let z(k) = 2*k**2 - 2*k. Suppose 8*v = 4*v + 100. Suppose 0*p + v = p - 5*u, 2*u = -5*p + 17. Suppose -24 = -p*x - 9, x = 4*m - 13. Give z(m).
24
Let v(k) = -11*k - 17 + 4*k + 4*k - 5. Give v(-7).
-1
Let g(s) be the third derivative of s**5/3 - s**3/6 - s**2. Let p(x) = 2*x**3 - 6*x**2 - 2*x - 7. Let k be p(4). Suppose -k = -54*r + 37. Determine g(r).
19
Let b = 2430 + -2430. Let y(x) = 3*x - 5. What is y(b)?
-5
Let c(b) = -5*b - 2. Let w(l) = -4*l - 2. Let t(y) = 5*c(y) - 6*w(y). Let n(j) = -1. Let s(z) = 7*n(z) + 2*t(z). Determine s(4).
-11
Suppose -10*v + 13*v + 2*c - 4 = 0, 0 = -4*v + 4*c + 12. Let d(l) = 0*l + 17*l**v - 3 + 6 + l + 25*l**2 - 43*l**2. Determine d(0).
3
Let q(d) = -2*d**3 - 2*d**2 + d + 2. Let a be (-12)/(-8) + (-105)/(-10). Let j(i) = -3 - i + a + 8. Let w be j(15). Determine q(w).
-20
Let t(z) = -106*z - 2*z**2 + 18*z + 48*z**2 + 3 - z**3. Determine t(44).
3
Let c(t) be the third derivative of 3*t**5/20 + 7*t**4/24 + 7*t**3/6 + 5*t**2 - 3*t. Let m be c(-1). Let i(n) = n**3 - 10*n**2 + 9*n + 5. What is i(m)?
5
Let g(b) = b**3 + b - 2. Suppose 10 = 3*d - 14. Suppose -4 = -d*h - 12. Let n be (1 + (-1 - -1) + h)/3. What is g(n)?
-2
Let r(b) = -2*b**3 + 20*b**2 - 18*b + 5. Let y(a) = -6*a**2 - 117*a + 198. Let x be y(-21). Determine r(x).
5
Let v(j) be the first derivative of j**3 - 13*j**2/2 - 9*j + 73. Let q(o) = 4*o**2 - 15*o - 9. Let z(i) = 2*q(i) - 3*v(i). Calculate z(9).
9
Let n(x) = -2 - 2 + 6*x + 1. Suppose 2*t + 12 = -c - 53, 0 = t + 5*c + 28. Let o be (-4)/(-22) + (5 - (-105)/t). Give n(o).
9
Let q(o) = 5*o**3 - 6*o**2 + 4*o + 11. Let t(h) = -12*h**3 + 13*h**2 - 10*h - 22. Let x(k) = 5*q(k) + 2*t(k). Determine x(6).
83
Suppose 3*k - 20 = 8*k. Let f(b) be the first derivative of -4*b + 1/2*b**2 + 104 + 1/3*b**3. Calculate f(k).
8
Let m(w) = -10*w - 4 + 19*w - 6*w. Let a(p) = -1. Let j(d) = -6*a(d) + m(d). Give j(5).
17
Let j(o) be the first derivative of o**2 + 4*o - 5. Let w be j(-3). Let c(b) = -b - 3. Let l(u) = -4*u - 16. Let h(x) = 11*c(x) - 2*l(x). Determine h(w).
5
Let g(l) = -l**3 + 11*l**2 - 30*l + 9. Suppose -59*k + 24*k - 12*k + 282 = 0. Calculate g(k).
9
Let q be ((-17752)/105)/8 + 6/45. Let i(s) = s**3 + 22*s**2 + 23*s + 42. Give i(q).
0
Let j(d) = 3*d**2 - 13*d - 19. Let v be j(-2). Suppose 6*w + 55 - v = 0. Let b(a) = 6*a - 17 - 4*a + 2*a + 10 + a**2. Calculate b(w).
5
Let w(b) = -b**2 + 6*b - 2. Let o be -2 - 13/(13/22). Let n = o - -30. What is w(n)?
-2
Let g = 273 + -268. Let n(w) = 2*w + 12 - g - 4 - 5*w. What is n(9)?
-24
Let h = 906 - 789. Suppose -106*k + h*k = 11. Let s(j) = -j**2 + 5*j - 6. What is s(k)?
-2
Let d(z) be the second derivative of z**3/6 - 3*z**2/2 - 4*z - 961. Suppose -6*r = -2*r. What is d(r)?
-3
Let f be (-435)/6 - ((-99)/(-18) + -6). Let g be 6 - 8*(-9)/f. Let x(d) be the third derivative of d**4/24 - 7*d**3/6 - d**2. What is x(g)?
-2
Let u(g) = g**2 - 1. Let f(i) = 9 - 4*i**2 + 15*i + 4 - 12*i - 13*i. Let z(d) = f(d) + 5*u(d). Calculate z(10).
8
Let d(y) = 2*y + 1. Let z(x) = 7*x + 28. Let b(p) = -3*d(p) + z(p). Let u be b(-22). Let s(r) = r - 3. Give s(u).
0
Let n(h) = -h**3 - 6*h**2 - 3*h + 15. Let r be 80/(-12) - -7 - 16/3. Let a(g) = -g**3 - 7*g**2 - 2*g + 14. Let x(i) = r*a(i) + 4*n(i). Calculate x(-11).
12
Let l(o) be the second derivative of o**4/8 + o**3/6 + 95*o**2/2 + 143*o. Let n(h) be the first derivative of l(h). Calculate n(-3).
-8
Suppose -16 = -4*t + z, -3*z - 2 = t - 6. Let w(r) = -t*r**2 - 2*r**2 - 1 - 3*r**2 - r + 6*r**2. Determine w(-1).
-3
Let u(t) = t**3 - 3*t**2 - t - 3. Suppose -6 = -4*k + 2. Let p be ((-18)/(-54))/(k/6). Let g be 6/(-12)*p*-6. What is u(g)?
-6
Let l(d) = 0*d**2 + 268 - 9*d**2 - 2*d**2 + 10*d**2. Let u be l(0). Let k(x) = 267 + 9*x - u + 8*x. Calculate k(-1).
-18
Suppose -1472*q = -1476*q + d + 37, 25 = -5*d. Let y(g) be the third derivative of -g**4/12 + 11*g**3/3 + 2*g**2. Give y(q).
6
Suppose -15*y - 58 + 0 = 77. Let g(p) = -p**2 - 10*p - 1. What is g(y)?
8
Let v(a) = a**3 - 7*a**2 - 4*a - 11. Let n be v(7). Let x be 1*n/65 - 48/(-5). Let q(c) = -c**3 + 10*c**2 - 10*c - 7. Give q(x).
-16
Let d(j) = 2*j + 12. Let c be d(-5). Let f(q) = 2 - 2 - 5*q + c. Let p(m) = m - 3. Let h be p(0). Give f(h).
17
Let p(o) = -o**3 - 10*o**2 - 16*o + 11. Suppose 5*a - 2*c + 44 = 0, 120*a + 40 = 116*a + 4*c. Determine p(a).
11
Let j(k) = -289*k + 1437. Let w be j(5). Let a(l) = -l**2 + 54. Determine a(w).
-10
Let c(z) = -3*z**3 + 6*z**2 - 16*z + 14. Let n(j) = -4*j**3 + 5*j**2 - 23*j + 12. Let d(h) = 5*c(h) - 4*n(h). What is d(-9)?
-5
Let t(x) = -2*x + 5. Let z be t(4). Suppose -w - 6 = 5*c, -w + 0*c = 4*c + 4. Let b(i) = 42*i**2 - 41*i**2 - 2 - w*i - 89*i**3 + 90*i**3. What is b(z)?
-8
Let b(p) = 8*p**2 + 32*p - 6. Let k be (6/(-6))/(-2*5/(-40)). Determine b(k).
-6
Let n(l) = 0 + l**2 + 1 + 3826*l - 3823*l. Let s(t) be the second derivative of -t**5/10 - t**4/12 + t**3/6 + t. Let z be s(1). Give n(z).
-1
Let f be (-20)/((-680)/(-119))*2 + -1 + 4. Let z(k) = -k**2 - 6*k - 4. Calculate z(f).
4
Suppose -62*c - 122 - 188 = 0. Let f(x) = x**3 + 7*x**2 + 10*x + 10. Give f(c).
10
Let n(j) be the second derivative of 0 + 5*j + 1/3*j**3 - 1/6*j**4 - 1/2*j**2. Let y be (90/150)/(34/(-20) + 2). Calculate n(y).
-5
Let b(r) = r**3 - 10*r**2 - 4*r + 19. Suppose 3*q - 2*u - 42 = 0, q - 4*u + 0*u = 34. Give b(q).
-21
Let r(h) = -11*h**2 - 24*h + 6. Let f(m) = -37*m**2 - 72*m + 18. Let d(u) = -3*f(u) + 10*r(u). Determine d(5).
-89
Let d(l) be the second derivative of l**3/6 + l**2/2 - l. Suppose -464 = -6*u - 434. Suppose t + 23 = u*k + 8, -4*t + 3*k = 26. What is d(t)?
-4
Suppose -1225 = -4*c + 5*g + 233, -2*c = g - 722. Let m(v) = -2*v**2 + 183 + 2*v**3 + 180 - c. Give m(1).
1
Let u = 239 - 262. Let t(c) = -c**2 - 22*c + 14. Let g be t(u). Let a(q) = q**2 + 11*q - 1. Give a(g).
-19
Let q(s) be the first derivative of -s**7/420 - s**6/180 + s**4/12 + 2*s**3/3 - 9*s**2 + 13. Let p(z) be the third derivative of q(z). Calculate p(-2).
10
Let z(b) = -515*b**3 - b**2 + 134*b**3 + 126*b**3 + 126*b**3 - 5 + 131*b**3. Calculate z(2).
7
Let l be 1218/(-560)*5*-4*2. Let q be -1 + -1 + 1 + 82. Let z = q - l. Let d(r) = r**2 + 7*r + 3. Determine d(z).
-3
Suppose -2*j - 1 = 5. Let t(s) = s**2 - 4*s. Let f(p) = 2*p**2 - 16*p. Let r(u) = -f(u) + 4*t(u). Give r(j).
18
Suppose 269 = 208*t - 354 - 1. Let d(p) be the third derivative of 0*p**t + 0*p + 10*p**2 + 0 + 5/12*p**4. Determine d(1).
10
Let d be (7 + -4 + 25)*2/8. Suppose 8*l - d - 1 = 0. Let x be (-1 + 2)/(2*l/2). Let g(f) = -9*f**3 - 2*f**2 + f. Calculate g(x).
-10
Let a be (196/(-42))/((4/3)/(-2)). Suppose -59*v + 52 + a = 0. Let g(q) = -24*q**3 - q. What is g(v)?
-25
Let g be 0/(-2 - 0 - 0). Let d(v) = -2*v**2 - 8*v - 3*v**2 + 6*v**2 + 8*v - 6 + v. Let u be d(g). Let q(r) = r + 2. What is q(u)?
-4
Let l(k) = k**3 - 7*k**2 - 3*k + 16. Suppose -5*p + 49 = 14. Calculate l(p).
-5
Let p(y) be the first derivative of y**4/4 + 3*y**3 + 5*y**2 - 4*y + 1618. Give p(-8).
-20
Let j(r) = -3*r - 5. Let o = 12 - 15. Let d(c) = 3*c + 5. Let k(g) = o*j(g) - 4*d(g). Suppose 12*i - 43 = 5. Calculate k(i).
-17
Let l(p) = -10*p**2 - 18*p + 70. Let y(o) = -o**2 - 2*o + 1. Let d(x) = l(x) - 9*y(x). What is d(7)?
12
Let q(a) = a**3 - 7*a**2 + 4*a + 7. Let p = -108 - 185. Let h = p - -299. Determine q(h).
-5
Let o be -4 - 10/(-30)*-66 - (-1 + 1). Let m(f) = f**3 + 26*f**2 + 2*f + 61. Give m(o).
9
Let b(y) = y - 34. Suppose -86*k = -81*k - 4*r - 98, -2*k + 5*r = -63. Determine b(k).
-20
Let z(c) = -7*c - 948 + 2*c**3 